igit of 9311355?
1
What is the ten thousands digit of 1177238?
7
What is the tens digit of 242901?
0
What is the tens digit of 8015?
1
What is the hundreds digit of 27290?
2
What is the ten thousands digit of 15424493?
2
What is the thousands digit of 43762?
3
What is the ten thousands digit of 10809020?
0
What is the thousands digit of 1769464?
9
What is the hundreds digit of 153991?
9
What is the hundred thousands digit of 2254189?
2
What is the ten thousands digit of 746515?
4
What is the millions digit of 9900545?
9
What is the units digit of 122926?
6
What is the units digit of 325929?
9
What is the hundreds digit of 16358320?
3
What is the thousands digit of 189862?
9
What is the hundreds digit of 2925765?
7
What is the tens digit of 293448?
4
What is the tens digit of 19023746?
4
What is the ten thousands digit of 800523?
0
What is the units digit of 4433783?
3
What is the hundreds digit of 18145349?
3
What is the millions digit of 11494622?
1
What is the thousands digit of 13781960?
1
What is the hundred thousands digit of 516155?
5
What is the millions digit of 8757673?
8
What is the thousands digit of 881543?
1
What is the thousands digit of 44798?
4
What is the thousands digit of 1985751?
5
What is the hundreds digit of 190037?
0
What is the ten thousands digit of 351438?
5
What is the units digit of 6396200?
0
What is the hundreds digit of 16331335?
3
What is the millions digit of 17921389?
7
What is the tens digit of 1185666?
6
What is the units digit of 83659?
9
What is the millions digit of 1150271?
1
What is the ten thousands digit of 235202?
3
What is the tens digit of 53686?
8
What is the hundreds digit of 2144385?
3
What is the thousands digit of 1285015?
5
What is the hundred thousands digit of 633424?
6
What is the thousands digit of 920239?
0
What is the millions digit of 3643815?
3
What is the thousands digit of 3909030?
9
What is the ten thousands digit of 508048?
0
What is the tens digit of 474508?
0
What is the hundreds digit of 260014?
0
What is the units digit of 1606121?
1
What is the hundred thousands digit of 6348972?
3
What is the hundreds digit of 2711904?
9
What is the hundred thousands digit of 596504?
5
What is the hundred thousands digit of 1933664?
9
What is the hundred thousands digit of 211521?
2
What is the thousands digit of 220738?
0
What is the units digit of 1359767?
7
What is the hundred thousands digit of 933778?
9
What is the tens digit of 21709242?
4
What is the hundreds digit of 4214343?
3
What is the ten thousands digit of 4766186?
6
What is the ten thousands digit of 39280?
3
What is the thousands digit of 65091?
5
What is the hundred thousands digit of 125888?
1
What is the units digit of 101971?
1
What is the units digit of 13492415?
5
What is the units digit of 239603?
3
What is the thousands digit of 603375?
3
What is the thousands digit of 1442786?
2
What is the hundreds digit of 3844649?
6
What is the thousands digit of 843202?
3
What is the hundred thousands digit of 4105239?
1
What is the tens digit of 841748?
4
What is the units digit of 124521?
1
What is the tens digit of 302665?
6
What is the ten thousands digit of 473446?
7
What is the hundreds digit of 242442?
4
What is the thousands digit of 37314009?
4
What is the tens digit of 1521389?
8
What is the ten thousands digit of 108969?
0
What is the millions digit of 1279033?
1
What is the hundreds digit of 133949?
9
What is the hundreds digit of 3675865?
8
What is the tens digit of 63246?
4
What is the tens digit of 482304?
0
What is the hundreds digit of 234531?
5
What is the ten millions digit of 22860295?
2
What is the tens digit of 534220?
2
What is the ten thousands digit of 903334?
0
What is the thousands digit of 6440469?
0
What is the units digit of 200075?
5
What is the hundreds digit of 304083?
0
What is the hundreds digit of 13992018?
0
What is the hundreds digit of 6904333?
3
What is the units digit of 362621?
1
What is the tens digit of 1210137?
3
What is the ten thousands digit of 1069035?
6
What is the hundreds digit of 18680723?
7
What is the thousands digit of 3675908?
5
What is the hundred thousands digit of 4273070?
2
What is the ten thousands digit of 133160?
3
What is the ten thousands digit of 213522?
1
What is the units digit of 758728?
8
What is the hundreds digit of 527054?
0
What is the thousands digit of 186461?
6
What is the hundreds digit of 183266?
2
What is the hundred thousands digit of 9196523?
1
What is the tens digit of 1530096?
9
What is the hundred thousands digit of 230756?
2
What is the units digit of 231937?
7
What is the ten thousands digit of 39279969?
7
What is the ten millions digit of 17177008?
1
What is the hundreds digit of 66873?
8
What is the units digit of 252188?
8
What is the ten thousands digit of 8630774?
3
What is the tens digit of 711426?
2
What is the hundred thousands digit of 19064777?
0
What is the ten thousands digit of 1265993?
6
What is the hundreds digit of 14715357?
3
What is the ten thousands digit of 279444?
7
What is the units digit of 3779346?
6
What is the thousands digit of 1891747?
1
What is the units digit of 170593?
3
What is the units digit of 22652065?
5
What is the units digit of 9686841?
1
What is the hundreds digit of 277614?
6
What is the hundreds digit of 174992?
9
What is the hundred thousands digit of 710554?
7
What is the hundred thousands digit of 422199?
4
What is the ten thousands digit of 36167?
3
What is the thousands digit of 9545484?
5
What is the hundred thousands digit of 3529577?
5
What is the tens digit of 1230723?
2
What is the ten thousands digit of 17737246?
3
What is the ten thousands digit of 146072?
4
What is the hundred thousands digit of 404871?
4
What is the ten thousands digit of 242235?
4
What is the hundreds digit of 61853?
8
What is the hundred thousands digit of 541190?
5
What is the units digit of 1182314?
4
What is the thousands digit of 4414037?
4
What is the thousands digit of 8486473?
6
What is the tens digit of 170588?
8
What is the hundreds digit of 8721115?
1
What is the hundreds digit of 415234?
2
What is the tens digit of 14618335?
3
What is the thousands digit of 10096255?
6
What is the thousands digit of 763695?
3
What is the thousands digit of 351068?
1
What is the millions digit of 2753546?
2
What is the units digit of 594996?
6
What is the hundreds digit of 3430?
4
What is the units digit of 66939?
9
What is the ten millions digit of 41192307?
4
What is the hundreds digit of 57568?
5
What is the hundred thousands digit of 509937?
5
What is the hundreds digit of 245579?
5
What is the hundreds digit of 4850794?
7
What is the tens digit of 136003?
0
What is the thousands digit of 19611165?
1
What is the hundreds digit of 12443935?
9
What is the millions digit of 5354749?
5
What is the units digit of 294584?
4
What is the units digit of 2520991?
1
What is the hundreds digit of 267213?
2
What is the thousands digit of 99535?
9
What is the units digit of 1040533?
3
What is the units digit of 519666?
6
What is the tens digit of 36755740?
4
What is the ten thousands digit of 28332?
2
What is the units digit of 789543?
3
What is the hundreds digit of 72696?
6
What is the hundred thousands digit of 2163839?
1
What is the millions digit of 5213568?
5
What is the ten thousands digit of 96066?
9
What is the thousands digit of 2115948?
5
What is the tens digit of 94859?
5
What is the hundred thousands digit of 242349?
2
What is the units digit of 246915?
5
What is the ten thousands digit of 3086783?
8
What is the hundreds digit of 8836316?
3
What is the tens digit of 527123?
2
What is the hundred thousands digit of 31758434?
7
What is the units digit of 33090?
0
What is the millions digit of 7977829?
7
What is the units digit of 96086?
6
What is the hundred thousands digit of 821331?
8
What is the tens digit of 1495157?
5
What is the thousands digit of 78136?
8
What is the thousands digit of 101608?
1
What is the units digit of 126851?
1
What is the ten thousands digit of 4504015?
0
What is the ten thousands digit of 3685852?
8
What is the units digit of 255413?
3
What is the hundreds digit of 1416417?
4
What is the hundreds digit of 308644?
6
What is the ten thousands digit of 12693258?
9
What is the tens digit of 143